actors of 316422201?
3, 23, 4585829
List the prime factors of 8333127.
3, 11, 41, 2053
What are the prime factors of 72361736?
2, 9045217
List the prime factors of 352287220.
2, 5, 197, 89413
What are the prime factors of 34940022?
2, 3, 13, 199, 2251
List the prime factors of 207066411.
3, 23007379
List the prime factors of 1583524083.
3, 527841361
List the prime factors of 1076123546.
2, 151, 3563323
What are the prime factors of 74812865?
5, 14962573
List the prime factors of 2683819867.
61, 1361, 32327
List the prime factors of 444950.
2, 5, 11, 809
What are the prime factors of 93744541?
11, 349, 24419
List the prime factors of 130761515.
5, 19, 37, 37201
List the prime factors of 353181076.
2, 88295269
What are the prime factors of 394684446?
2, 3, 13, 227, 22291
List the prime factors of 2383311676.
2, 211, 2823829
What are the prime factors of 143771581?
101, 1423481
What are the prime factors of 7466409936?
2, 3, 19, 143629
What are the prime factors of 8159244607?
8159244607
List the prime factors of 22937326.
2, 2539, 4517
What are the prime factors of 108093218?
2, 31, 199, 8761
What are the prime factors of 3518732544?
2, 3, 83, 55201
What are the prime factors of 168027013?
7, 11, 19, 53, 197
What are the prime factors of 54057895?
5, 61, 177239
List the prime factors of 1071007.
7, 153001
List the prime factors of 243877395.
3, 5, 23, 191, 3701
List the prime factors of 1337840472.
2, 3, 521, 106993
What are the prime factors of 2157703987?
71, 97, 313301
List the prime factors of 769315373.
67, 521, 22039
What are the prime factors of 16927407?
3, 7, 89563
List the prime factors of 1989220731.
3, 663073577
What are the prime factors of 422016043?
37, 1213, 9403
What are the prime factors of 548194060?
2, 5, 27409703
What are the prime factors of 2961229839?
3, 8501, 116113
What are the prime factors of 144766905?
3, 5, 293, 32939
List the prime factors of 12836021.
11, 653, 1787
What are the prime factors of 21337545?
3, 5, 149, 9547
List the prime factors of 43855529.
17, 2579737
What are the prime factors of 20252780?
2, 5, 17, 59567
What are the prime factors of 1202962286?
2, 2131, 282253
What are the prime factors of 135193158?
2, 3, 2503577
List the prime factors of 121836314.
2, 17, 47, 76243
List the prime factors of 928683002.
2, 13, 35718577
What are the prime factors of 461140052?
2, 115285013
What are the prime factors of 362548210?
2, 5, 36254821
What are the prime factors of 682080323?
12263, 55621
What are the prime factors of 289750685?
5, 7, 241, 34351
List the prime factors of 872692243.
23, 2113, 17957
List the prime factors of 63504230.
2, 5, 6350423
What are the prime factors of 417854391?
3, 5197, 26801
What are the prime factors of 633230940?
2, 3, 5, 23, 458863
List the prime factors of 16281689.
19, 479, 1789
List the prime factors of 227165001.
3, 7, 43, 251567
List the prime factors of 71020888.
2, 8877611
What are the prime factors of 197683648?
2, 3088807
List the prime factors of 1381735398.
2, 3, 14699, 15667
List the prime factors of 1395603427.
1395603427
List the prime factors of 3119755853.
24019, 129887
What are the prime factors of 1482990263?
8147, 182029
List the prime factors of 7146373857.
3, 7, 340303517
What are the prime factors of 3272912081?
12959, 252559
List the prime factors of 317622565.
5, 13, 4886501
What are the prime factors of 12971771?
71, 182701
What are the prime factors of 518694678?
2, 3, 449, 2377
What are the prime factors of 561241670?
2, 5, 11, 31, 164587
List the prime factors of 478144210.
2, 5, 17, 797, 3529
What are the prime factors of 49123337?
3167, 15511
What are the prime factors of 36219416?
2, 43, 211, 499
List the prime factors of 4949711.
13, 47, 8101
What are the prime factors of 700705217?
700705217
What are the prime factors of 98803374?
2, 3, 3187, 5167
What are the prime factors of 505501599?
3, 168500533
List the prime factors of 209209266.
2, 3, 7, 19, 31, 2819
What are the prime factors of 122643668?
2, 7, 29, 21577
What are the prime factors of 37576401?
3, 1621, 7727
List the prime factors of 406840760.
2, 5, 10171019
What are the prime factors of 65770652?
2, 16442663
What are the prime factors of 308410951?
349, 883699
What are the prime factors of 137205046?
2, 11, 566963
What are the prime factors of 5571898663?
5571898663
What are the prime factors of 8082710501?
4397, 1838233
What are the prime factors of 80348756?
2, 37, 47, 11551
List the prime factors of 64686126.
2, 3, 10781021
List the prime factors of 510386765.
5, 7, 311, 46889
List the prime factors of 750748462.
2, 29, 71, 182309
List the prime factors of 56047668.
2, 3, 4670639
What are the prime factors of 17549849?
2963, 5923
What are the prime factors of 615074268?
2, 3, 51256189
What are the prime factors of 50565215?
5, 331, 30553
What are the prime factors of 167012301?
3, 17, 43, 76157
What are the prime factors of 4197757650?
2, 3, 5, 27985051
List the prime factors of 1484166282.
2, 3, 47, 1823, 2887
List the prime factors of 222525341.
222525341
List the prime factors of 342479754.
2, 3, 31, 613763
List the prime factors of 584088540.
2, 3, 5, 7, 137, 10151
What are the prime factors of 53760150?
2, 3, 5, 193, 619
List the prime factors of 5649636637.
71, 79572347
What are the prime factors of 976698263?
17, 181, 317419
List the prime factors of 2026244157.
3, 7, 96487817
List the prime factors of 38690665.
5, 13, 107, 5563
List the prime factors of 88878499.
17, 5228147
What are the prime factors of 1714465166?
2, 25541, 33563
What are the prime factors of 2249856605?
5, 449971321
What are the prime factors of 1104044110?
2, 5, 13, 37, 89, 2579
List the prime factors of 8963701223.
71, 126249313
List the prime factors of 131084581.
131084581
List the prime factors of 104511452.
2, 3119, 8377
What are the prime factors of 452362440?
2, 3, 5, 59, 181, 353
List the prime factors of 76877359.
13, 5913643
List the prime factors of 124182231.
3, 41394077
What are the prime factors of 586705997?
19, 4211, 7333
List the prime factors of 62639017.
7, 8948431
List the prime factors of 767992063.
6449, 119087
List the prime factors of 430918817.
7, 31, 151, 13151
What are the prime factors of 12161059?
643, 18913
What are the prime factors of 51400084?
2, 113, 113717
What are the prime factors of 295079808?
2, 3, 768437
What are the prime factors of 177054443?
177054443
List the prime factors of 158277638.
2, 19, 37, 112573
List the prime factors of 185797137.
3, 4177, 14827
What are the prime factors of 801616417?
7, 421, 272011
What are the prime factors of 148259167?
7, 1933, 10957
List the prime factors of 31165128.
2, 3, 157, 919
What are the prime factors of 739617573?
3, 41, 6013151
What are the prime factors of 4141388995?
5, 53, 15627883
What are the prime factors of 55903043?
7, 2609, 3061
What are the prime factors of 69444221?
7, 11, 19, 6781
What are the prime factors of 765142898?
2, 13, 167, 313, 563
What are the prime factors of 351277795?
5, 11, 19, 336151
What are the prime factors of 140239156?
2, 35059789
What are the prime factors of 3888612590?
2, 5, 388861259
List the prime factors of 679492999.
31, 21919129
List the prime factors of 178118989.
178118989
List the prime factors of 1862340546.
2, 3, 11, 59, 478259
What are the prime factors of 165787587?
3, 7, 17, 51599
What are the prime factors of 38423040?
2, 3, 5, 5003
List the prime factors of 118553813.
7, 16936259
What are the prime factors of 34696605?
3, 5, 2313107
What are the prime factors of 49767095?
5, 7, 71, 2861
List the prime factors of 558593620.
2, 5, 13, 2148437
List the prime factors of 4016263865.
5, 9337, 86029
List the prime factors of 85492667.
13, 29, 41, 5531
What are the prime factors of 3138333750?
2, 3, 5, 83, 3361
What are the prime factors of 2631280972?
2, 657820243
What are the prime factors of 1155690010?
2, 5, 19, 73, 97, 859
List the prime factors of 213667063.
213667063
List the prime factors of 159418484.
2, 39854621
What are the prime factors of 96448411?
137, 704003
List the prime factors of 48161004.
2, 3, 71, 56527
List the prime factors of 1410890500.
2, 5, 461, 6121
List the prime factors of 62581340.
2, 5, 43, 53, 1373
List the prime factors of 5963711604.